 factors of 2787.
3, 929
List the prime factors of 1713.
3, 571
List the prime factors of 1244.
2, 311
What are the prime factors of 27639?
3, 37, 83
List the prime factors of 19740.
2, 3, 5, 7, 47
List the prime factors of 17592.
2, 3, 733
What are the prime factors of 2001?
3, 23, 29
What are the prime factors of 40413?
3, 19, 709
List the prime factors of 4406.
2, 2203
What are the prime factors of 25022?
2, 12511
List the prime factors of 669.
3, 223
What are the prime factors of 99032?
2, 12379
List the prime factors of 2788.
2, 17, 41
What are the prime factors of 2318?
2, 19, 61
List the prime factors of 4707.
3, 523
What are the prime factors of 111066?
2, 3, 107, 173
What are the prime factors of 2845?
5, 569
List the prime factors of 146.
2, 73
What are the prime factors of 42656?
2, 31, 43
What are the prime factors of 232?
2, 29
List the prime factors of 2605.
5, 521
What are the prime factors of 911?
911
List the prime factors of 10250.
2, 5, 41
List the prime factors of 17616.
2, 3, 367
What are the prime factors of 6496?
2, 7, 29
What are the prime factors of 1409?
1409
What are the prime factors of 4936?
2, 617
List the prime factors of 546.
2, 3, 7, 13
List the prime factors of 11446.
2, 59, 97
What are the prime factors of 2535?
3, 5, 13
What are the prime factors of 47256?
2, 3, 11, 179
What are the prime factors of 3889?
3889
List the prime factors of 39700.
2, 5, 397
List the prime factors of 7637.
7, 1091
List the prime factors of 5339.
19, 281
What are the prime factors of 65272?
2, 41, 199
What are the prime factors of 28415?
5, 5683
What are the prime factors of 1498?
2, 7, 107
List the prime factors of 8355.
3, 5, 557
List the prime factors of 727.
727
List the prime factors of 993.
3, 331
What are the prime factors of 777?
3, 7, 37
What are the prime factors of 95126?
2, 47563
What are the prime factors of 6834?
2, 3, 17, 67
List the prime factors of 2124.
2, 3, 59
List the prime factors of 13285.
5, 2657
List the prime factors of 4887.
3, 181
List the prime factors of 8068.
2, 2017
What are the prime factors of 4429?
43, 103
List the prime factors of 12752.
2, 797
List the prime factors of 153.
3, 17
List the prime factors of 1946.
2, 7, 139
List the prime factors of 17915.
5, 3583
List the prime factors of 1951.
1951
List the prime factors of 45960.
2, 3, 5, 383
What are the prime factors of 1008?
2, 3, 7
What are the prime factors of 95?
5, 19
What are the prime factors of 4335?
3, 5, 17
List the prime factors of 30149.
7, 59, 73
What are the prime factors of 6814?
2, 3407
List the prime factors of 33496.
2, 53, 79
List the prime factors of 138003.
3, 157, 293
List the prime factors of 24703.
7, 3529
What are the prime factors of 641?
641
List the prime factors of 43304.
2, 5413
List the prime factors of 4124.
2, 1031
List the prime factors of 41722.
2, 23, 907
List the prime factors of 2423.
2423
What are the prime factors of 10189?
23, 443
What are the prime factors of 2045?
5, 409
List the prime factors of 24129.
3, 7, 383
List the prime factors of 3673.
3673
What are the prime factors of 3394?
2, 1697
What are the prime factors of 2435?
5, 487
List the prime factors of 20063.
20063
List the prime factors of 6067.
6067
What are the prime factors of 14092?
2, 13, 271
What are the prime factors of 14762?
2, 11, 61
List the prime factors of 5917.
61, 97
List the prime factors of 20001.
3, 59, 113
List the prime factors of 22652.
2, 7, 809
What are the prime factors of 11917?
17, 701
What are the prime factors of 11190?
2, 3, 5, 373
List the prime factors of 85168.
2, 5323
What are the prime factors of 10379?
97, 107
List the prime factors of 678.
2, 3, 113
What are the prime factors of 3038?
2, 7, 31
What are the prime factors of 55780?
2, 5, 2789
What are the prime factors of 38849?
53, 733
List the prime factors of 1652.
2, 7, 59
What are the prime factors of 5045?
5, 1009
What are the prime factors of 45540?
2, 3, 5, 11, 23
What are the prime factors of 708?
2, 3, 59
What are the prime factors of 21445?
5, 4289
List the prime factors of 873.
3, 97
What are the prime factors of 371?
7, 53
List the prime factors of 1247.
29, 43
List the prime factors of 8403.
3, 2801
What are the prime factors of 1315?
5, 263
What are the prime factors of 5081?
5081
List the prime factors of 41338.
2, 11, 1879
What are the prime factors of 23780?
2, 5, 29, 41
What are the prime factors of 12117?
3, 7, 577
What are the prime factors of 159?
3, 53
What are the prime factors of 23649?
3, 7883
List the prime factors of 355.
5, 71
What are the prime factors of 319?
11, 29
List the prime factors of 4746.
2, 3, 7, 113
What are the prime factors of 863?
863
List the prime factors of 1364.
2, 11, 31
What are the prime factors of 59261?
19, 3119
What are the prime factors of 92395?
5, 17, 1087
List the prime factors of 848.
2, 53
What are the prime factors of 72?
2, 3
List the prime factors of 809.
809
List the prime factors of 3582.
2, 3, 199
What are the prime factors of 112337?
112337
What are the prime factors of 645?
3, 5, 43
What are the prime factors of 3050?
2, 5, 61
List the prime factors of 1724.
2, 431
What are the prime factors of 6341?
17, 373
What are the prime factors of 1774?
2, 887
List the prime factors of 24398.
2, 11, 1109
List the prime factors of 11554.
2, 53, 109
What are the prime factors of 119276?
2, 29819
What are the prime factors of 21076?
2, 11, 479
What are the prime factors of 986?
2, 17, 29
What are the prime factors of 3091?
11, 281
List the prime factors of 33776.
2, 2111
List the prime factors of 3703.
7, 23
List the prime factors of 37993.
37993
What are the prime factors of 2957?
2957
List the prime factors of 37249.
193
List the prime factors of 3981.
3, 1327
What are the prime factors of 5037?
3, 23, 73
What are the prime factors of 3333?
3, 11, 101
List the prime factors of 623.
7, 89
What are the prime factors of 2077?
31, 67
List the prime factors of 31378.
2, 29, 541
What are the prime factors of 58290?
2, 3, 5, 29, 67
What are the prime factors of 2897?
2897
List the prime factors of 1621.
1621
List the prime factors of 56093.
56093
What are the prime factors of 4625?
5, 37
What are the prime factors of 594?
2, 3, 11
List the prime factors of 156.
2, 3, 13
List the prime factors of 1733.
1733
List the prime factors of 7351.
7351
List the prime factors of 5779.
5779
List the prime factors of 42238.
2, 7, 431
List the prime factors of 6751.
43, 157
What are the prime factors of 38429?
83, 463
List the prime factors of 855.
3, 5, 19
List the prime factors of 156833.
156833
What are the prime factors of 42135?
3, 5, 53
List the prime factors of 17033.
17033
What are the prime factors of 50821?
50821
List the prime factors of 7725.
3, 5, 103
List the prime factors of 19723.
11, 163
What are the prime factors of 2982?
2, 3, 7, 71
List the prime factors of 4056.
2, 3, 13
List the prime factors of 1946.
2, 7, 139
List the prime factors of 105312.
2, 3, 1097
What are the prime factors of 5392?
2, 337
What are the prime factors of 1030?
2, 5, 103
List the prime factors of 10289.
10289
What are the prime factors of 70784?
2, 7, 79
List the prime factors of 12485.
5, 11, 227
What are the prime factors of 53451?
3, 5939
What are the prime factors of 48038?
2, 24019
List the prime factors of 732.
2, 3, 61
What are the prime factors of 23376?
2, 3, 487
What are the prime factors of 15593?
31, 503
List the prime factors of 30.
2, 3, 5
List the prime factors of 3077.
17, 181
What are the prime factors of 18087?
3, 6029
What are the prime factors of 93867?
3, 67, 467
What are the prime factors of 27264?
2, 3, 71
What are the prime factors of 1298?
2, 11, 59
What are the prime factors of 8363?
8363
List the prime factors of 37875.
3, 5, 101
What are the prime factors of 27879?
3, 9293
What are the prime factors of 1153?
1153
What are the prime factors of 62781?
3, 17, 1231
List the prime factors of 2070.
2, 3, 5, 23
List the prime factors of 22415.
5, 4483
List the prime factors of 582.
2, 3, 97
List the prime factors of 86339.
11, 47, 167
What are the prime factors of 4055?
5, 811
List the prime factors of 89791.
13, 6907
What are the prime factors of 98851?
41, 2411
List the prime factors of 4823.
7, 13, 53